mmon divisor of i and 97?
1
Suppose 295 - 357 = -2*j. Suppose 0 = -5*m - 3*q + 88, 35*q = j*q + 4. Calculate the highest common divisor of m and 272.
17
Suppose 0 = -9*c + 5*c. Suppose c = s - 6 + 1. Suppose 76 - 16 = s*q. What is the greatest common divisor of 48 and q?
12
Suppose 2*s = 5*u + 244, -3*s - 3*u - 122 = -4*s. What is the greatest common factor of s and 610?
122
Let q(z) = 2*z**3 - 6*z**2 + 4*z - 6. Let k be q(5). Let d = k + -62. What is the highest common factor of d and 8?
4
Let j(d) = -6*d**2 - 141*d + 29. Let f be j(-24). Let l(u) = u**2 + 11*u - 1. Let b be l(-6). Let a = b - f. What is the highest common divisor of a and 60?
12
Let a be (-84)/(-1)*7/14. Suppose -4 + 74 = 5*m. What is the highest common factor of a and m?
14
Suppose 0 = r + 11*l - 130 + 37, 0 = r - 5*l - 205. What is the highest common divisor of 18190 and r?
170
Let i = -3130 - -6816. Calculate the highest common factor of 1552 and i.
194
Suppose -91*q = 12*q - 417 - 407. What is the greatest common divisor of q and 151?
1
Let w be 107/((-3)/(-84)*7). Suppose 0 = 30*r - 1778 + w. Calculate the highest common factor of 450 and r.
45
Let j be (-9386)/65*(-15)/6. Calculate the greatest common divisor of 95 and j.
19
Let v(k) = 6*k + 56 + 33 - 10 - 9. Let d be v(7). Calculate the highest common factor of d and 32.
16
Let b = -97 + 97. Let t be (23 + 18)/(b + 1). Suppose -t*x + 18 = -38*x. What is the greatest common factor of x and 6?
6
Suppose 93*o = 1660 - 172. Suppose -290 = -2*v + z, 4*z - 570 = -4*v + z. What is the highest common divisor of o and v?
16
Let y = 147382 - 147349. Let k(c) = c**3 + 5*c**2 + c - 5. Let v be k(4). Calculate the greatest common divisor of y and v.
11
Let t be 469*(-9)/(-63) - 3*2/6. Calculate the highest common divisor of t and 1738.
22
Suppose 3*l - 254 = 70. Suppose -u + 4*c + 19 = 0, 3*u = -7*c + 2*c + l. Let t = u - 26. What is the highest common factor of t and 65?
5
Suppose 2*w + 20 = 3*w. Suppose 8*u = 7 + 249. Let h be (u/(-18))/((-10)/45). What is the highest common divisor of h and w?
4
Let n be (-6 + 10 + -63)/(-1). What is the highest common divisor of n and 1357?
59
Let w be -2 - 2*6/(-8)*4. Suppose -w*z = -9*z - 25. Let v be (10 + 0)/z - -177. Calculate the highest common divisor of 25 and v.
25
Suppose 4594 = 4*d + l, -1816 = -2*d + 2*l + 466. Calculate the greatest common factor of 74 and d.
37
Let i(u) = -u**3 + 2*u**2 - 2*u + 4. Let w be i(2). Suppose -4*t + 427 + 565 = w. Calculate the greatest common divisor of t and 31.
31
Suppose -1953 = -46*h + 3567. Calculate the greatest common divisor of h and 65.
5
Let a be (-269320)/(-280) + 18/(-21). Calculate the highest common factor of 186 and a.
31
Let i be (7 - 0)/((17/31)/17). What is the highest common divisor of 77 and i?
7
Let c(a) = -a**3 - 24*a**2 - 23*a + 19. Suppose -6 - 9 = j - 4*o, -3*j + 5*o - 59 = 0. Let q be c(j). Calculate the highest common divisor of 76 and q.
19
Let t = 1922 - -12218. Calculate the greatest common factor of t and 70.
70
Let k be ((-4 - -130)/2)/((-6)/(-8)). Let v be 12/7*4*k/96. Calculate the greatest common divisor of v and 147.
3
Let p = 112 - 56. Let q = -47 + p. Let i(z) = z**3 - 11*z**2 + 21*z + 9. Let t be i(q). What is the greatest common divisor of t and 4?
4
Let o be (-258)/(-42) + 30/(-14) + 2. Suppose -96 = -o*f - 66. What is the highest common divisor of f and 80?
5
Let c = 297 + -471. Let w = c + 193. What is the greatest common factor of 38 and w?
19
Let x be -8*((-12)/1 + -1). Let h = -62205 - -62569. Calculate the greatest common factor of h and x.
52
Suppose -2*q + 675 = a + 422, 122 = q + 5*a. Calculate the highest common divisor of 24 and q.
1
Let l be ((-35)/2)/(135/(-6750)). Calculate the greatest common factor of 2000 and l.
125
Let d(p) be the second derivative of p**5/20 + p**4 + 11*p**3/3 + 4*p**2 + 160*p. Let c be d(-6). What is the highest common factor of 230 and c?
46
Suppose 0 = -0*a + 9*a - 3*a. Suppose 4*v + 70 - 194 = a. What is the highest common divisor of v and 1?
1
Let z(s) = 2*s**3 - 3*s**2 - 30*s - 3. Let m be z(5). Suppose -72 = -2*x - 2*x. What is the greatest common divisor of m and x?
2
Let w = 1720 - 1427. Calculate the highest common factor of w and 1.
1
Suppose -76*i = -87*i + 12 + 3860. What is the highest common divisor of 154 and i?
22
Let h = -288 - -292. Suppose -13*k = h*d - 14*k - 212, -3*k = d - 66. Calculate the highest common factor of 90 and d.
18
Let n be 1/(-20) + (-758499)/(-7980). Calculate the highest common divisor of 3743 and n.
19
Let u(y) = 6*y - 53. Let k be u(10). Let o = k + 89. Calculate the greatest common factor of o and 128.
32
Let l = -348 + 488. Suppose 5*s = o + 71, s + 4*s = 3*o + 203. Let b = 101 + o. Calculate the greatest common factor of l and b.
35
Let m be -2 + 566 - (45/(-3))/3. Let t = m - 560. Calculate the highest common factor of 15 and t.
3
Suppose 10*a - 5*a = 180. Suppose 40*j - 37*j - 14 = -2*w, -3*w - 4*j + 20 = 0. Calculate the highest common divisor of w and a.
4
Suppose 8*a = 54*a - 9522. Suppose 9*n - 2*n = 1932. Calculate the highest common factor of n and a.
69
Suppose 29*n - 1332 - 350 = -29*n. Let l be 0 - -2 - 172/(-2). Let p = l - 30. Calculate the highest common divisor of n and p.
29
Let x = -45 + 125. Let n be (-6 + x/15)*(-17 + -1). Calculate the highest common divisor of n and 18.
6
Let b = -111 + 113. Let c be (1 + 958/6)*3/b. Suppose c = 11*v - 133. Calculate the greatest common factor of 170 and v.
34
Let t = -3205 + 4326. Calculate the greatest common factor of 236 and t.
59
Let z = 35 - 29. Suppose 0 = -8*x + z*x + 1250. Suppose 20 = -5*a, 5*a + 55 = 4*d - x. Calculate the greatest common divisor of 15 and d.
15
Let r be 390128/259 - (-2)/14*-2. Let o = 129 + r. Calculate the highest common factor of 15 and o.
15
Suppose 3*t - 443 = -59. Let d(l) = l**3 - 3*l**2 + l + 160. Let f be d(0). Calculate the highest common divisor of t and f.
32
Suppose 0 = 420*z - 441*z + 462. What is the highest common factor of 4488 and z?
22
Let c be (25/15)/(10/24). Let n(x) = 34*x. Let u be ((-5)/(10/(-4)))/1. Let a be n(u). Calculate the greatest common divisor of c and a.
4
Let c be ((-4)/(-10))/((-171)/(-76950)). What is the highest common divisor of 1188 and c?
36
Let x(w) = -5*w**2 + 36*w + 252. Let q(c) = 8*c**2 - 72*c - 502. Let a(j) = 3*q(j) + 5*x(j). Let b be a(-10). What is the greatest common factor of 112 and b?
14
Suppose -4*g + 6 = -2. Suppose 2*c + 3 = -3*o - 0*o, 2*c + 5*o = -5. Suppose c = -17*i + 20*i - 24. What is the highest common factor of g and i?
2
Suppose m - 3*l - 9 - 21 = 0, 3*m = 4*l + 70. Let g be 1*227/3 - (-4)/(-6). Suppose 5*k - g = 375. Calculate the highest common factor of m and k.
18
Let x(y) = -6*y - 4 - 7*y**2 + 7*y**2 - 3*y**2 + 19*y**2. Let a be x(-4). What is the highest common divisor of a and 24?
12
Suppose -p = 37*p + 1907 - 7379. Calculate the highest common factor of p and 732.
12
Suppose -3*o - 5*v = o + 13, 0 = -o + 5*v + 28. Let u = 348 - 327. Calculate the highest common factor of o and u.
3
Suppose 9*h + 33 = 33. Suppose -4*i + 397 + 323 = h. Suppose 4*w - b = 32, 2*b + 29 = 5*w - 2*b. What is the highest common factor of w and i?
9
Suppose -3*k - 18 = -9*k. Suppose -9 = -k*m, -2*a - m - 3*m + 356 = 0. Let d = a + -51. Calculate the highest common factor of d and 11.
11
Let l(n) = 14*n + 3108. Let c be l(20). Calculate the greatest common factor of 28 and c.
28
Let n be 30/(-285) - (-420)/19. Suppose f = t - 4, 2*t - 11 = -3*f + n. Calculate the greatest common factor of 3 and t.
3
Suppose 69*d = -18*d + 72732. Calculate the greatest common divisor of 532 and d.
76
Suppose -3*b = 2*y - 30, -4*y = -2*b + 3*b - 40. Suppose 0 = -y*n + 57 + 132. Calculate the highest common divisor of n and 56.
7
Let l(w) = w**3 - 19*w**2 - 22*w + 31. Let j be l(20). Let t be j + 284/16*8. Calculate the highest common divisor of 35 and t.
7
Let h(d) = -d**3 - d**2 - 170. Let u be h(-6). Calculate the greatest common divisor of 1390 and u.
10
Suppose -a = -0*d + 3*d - 15063, 5*d - 25088 = 4*a. What is the greatest common factor of d and 20?
20
Let j be (-1 - 8) + 783/27. Let w(v) = -8*v**3 - v**2. Let k be w(-3). Suppose j*p - k = 11*p. Calculate the highest common divisor of 138 and p.
23
Let x(m) = -